ime factors of 129766?
2, 7, 13, 23, 31
List the prime factors of 1110.
2, 3, 5, 37
List the prime factors of 663.
3, 13, 17
List the prime factors of 1947.
3, 11, 59
List the prime factors of 101926.
2, 11, 41, 113
List the prime factors of 29988.
2, 3, 7, 17
What are the prime factors of 7671?
3, 2557
What are the prime factors of 79993?
167, 479
What are the prime factors of 32037?
3, 59, 181
What are the prime factors of 6061?
11, 19, 29
List the prime factors of 6287.
6287
List the prime factors of 5646.
2, 3, 941
What are the prime factors of 779?
19, 41
List the prime factors of 35542.
2, 13, 1367
List the prime factors of 1469.
13, 113
List the prime factors of 30544.
2, 23, 83
List the prime factors of 1151.
1151
What are the prime factors of 9428?
2, 2357
List the prime factors of 36.
2, 3
What are the prime factors of 5678?
2, 17, 167
What are the prime factors of 11970?
2, 3, 5, 7, 19
List the prime factors of 65823.
3, 37, 593
What are the prime factors of 17?
17
List the prime factors of 2291.
29, 79
What are the prime factors of 6202?
2, 7, 443
What are the prime factors of 2056?
2, 257
List the prime factors of 11491.
11491
What are the prime factors of 11975?
5, 479
List the prime factors of 2835.
3, 5, 7
What are the prime factors of 32798?
2, 23, 31
List the prime factors of 19342.
2, 19, 509
What are the prime factors of 3542?
2, 7, 11, 23
List the prime factors of 70.
2, 5, 7
What are the prime factors of 115?
5, 23
List the prime factors of 73141.
73141
What are the prime factors of 28841?
151, 191
List the prime factors of 652.
2, 163
List the prime factors of 709.
709
What are the prime factors of 17362?
2, 8681
What are the prime factors of 8203?
13, 631
What are the prime factors of 157519?
157519
What are the prime factors of 1825?
5, 73
What are the prime factors of 7855?
5, 1571
List the prime factors of 213.
3, 71
What are the prime factors of 7624?
2, 953
List the prime factors of 4146.
2, 3, 691
List the prime factors of 555.
3, 5, 37
List the prime factors of 2739.
3, 11, 83
List the prime factors of 1225.
5, 7
What are the prime factors of 1922?
2, 31
List the prime factors of 68325.
3, 5, 911
List the prime factors of 64838.
2, 17, 1907
List the prime factors of 11132.
2, 11, 23
List the prime factors of 128981.
128981
What are the prime factors of 14613?
3, 4871
List the prime factors of 4988.
2, 29, 43
What are the prime factors of 55786?
2, 27893
What are the prime factors of 1646?
2, 823
What are the prime factors of 80904?
2, 3, 3371
List the prime factors of 58265.
5, 43, 271
List the prime factors of 98282.
2, 157, 313
List the prime factors of 881.
881
What are the prime factors of 7518?
2, 3, 7, 179
What are the prime factors of 2078?
2, 1039
List the prime factors of 2960.
2, 5, 37
What are the prime factors of 53?
53
List the prime factors of 987.
3, 7, 47
What are the prime factors of 8222?
2, 4111
List the prime factors of 4060.
2, 5, 7, 29
What are the prime factors of 18777?
3, 11, 569
What are the prime factors of 1229?
1229
What are the prime factors of 1231?
1231
What are the prime factors of 1136?
2, 71
What are the prime factors of 4680?
2, 3, 5, 13
What are the prime factors of 77927?
149, 523
What are the prime factors of 3192?
2, 3, 7, 19
List the prime factors of 1125.
3, 5
List the prime factors of 374.
2, 11, 17
What are the prime factors of 111?
3, 37
List the prime factors of 951.
3, 317
List the prime factors of 984.
2, 3, 41
What are the prime factors of 1212?
2, 3, 101
What are the prime factors of 9719?
9719
List the prime factors of 6170.
2, 5, 617
What are the prime factors of 2072?
2, 7, 37
List the prime factors of 8494.
2, 31, 137
What are the prime factors of 2599?
23, 113
List the prime factors of 11568.
2, 3, 241
List the prime factors of 1257.
3, 419
What are the prime factors of 10822?
2, 7, 773
What are the prime factors of 5101?
5101
What are the prime factors of 3079?
3079
List the prime factors of 111199.
11, 919
List the prime factors of 139.
139
List the prime factors of 116050.
2, 5, 11, 211
What are the prime factors of 4392?
2, 3, 61
What are the prime factors of 32211?
3, 1193
What are the prime factors of 170?
2, 5, 17
What are the prime factors of 46473?
3, 7, 2213
List the prime factors of 4981.
17, 293
What are the prime factors of 92?
2, 23
List the prime factors of 821.
821
List the prime factors of 162796.
2, 40699
List the prime factors of 65357.
65357
List the prime factors of 99619.
13, 79, 97
List the prime factors of 16367.
13, 1259
List the prime factors of 75448.
2, 9431
List the prime factors of 6067.
6067
List the prime factors of 75098.
2, 37549
What are the prime factors of 1319?
1319
What are the prime factors of 128341?
128341
List the prime factors of 15775.
5, 631
What are the prime factors of 2538?
2, 3, 47
What are the prime factors of 4557?
3, 7, 31
What are the prime factors of 13632?
2, 3, 71
What are the prime factors of 48125?
5, 7, 11
What are the prime factors of 13727?
7, 37, 53
What are the prime factors of 15671?
15671
List the prime factors of 84911.
19, 41, 109
List the prime factors of 15608.
2, 1951
What are the prime factors of 18678?
2, 3, 11, 283
What are the prime factors of 1931?
1931
What are the prime factors of 127?
127
What are the prime factors of 2514?
2, 3, 419
What are the prime factors of 1083?
3, 19
What are the prime factors of 32905?
5, 6581
List the prime factors of 1199.
11, 109
What are the prime factors of 1903?
11, 173
List the prime factors of 2427.
3, 809
What are the prime factors of 4038?
2, 3, 673
List the prime factors of 14998.
2, 7499
What are the prime factors of 1395?
3, 5, 31
What are the prime factors of 2899?
13, 223
List the prime factors of 226.
2, 113
List the prime factors of 922.
2, 461
List the prime factors of 27152.
2, 1697
List the prime factors of 16088.
2, 2011
List the prime factors of 627.
3, 11, 19
What are the prime factors of 66050?
2, 5, 1321
List the prime factors of 51049.
71, 719
List the prime factors of 12245.
5, 31, 79
What are the prime factors of 347?
347
List the prime factors of 77145.
3, 5, 37, 139
What are the prime factors of 1296?
2, 3
What are the prime factors of 119?
7, 17
What are the prime factors of 17052?
2, 3, 7, 29
List the prime factors of 183338.
2, 29, 109
List the prime factors of 4617.
3, 19
What are the prime factors of 1022?
2, 7, 73
List the prime factors of 1042.
2, 521
What are the prime factors of 289?
17
What are the prime factors of 1490?
2, 5, 149
List the prime factors of 26224.
2, 11, 149
What are the prime factors of 100408?
2, 7, 11, 163
List the prime factors of 13886.
2, 53, 131
List the prime factors of 25879.
7, 3697
List the prime factors of 2651.
11, 241
List the prime factors of 5818.
2, 2909
What are the prime factors of 19407?
3, 6469
What are the prime factors of 18489?
3, 6163
What are the prime factors of 2570?
2, 5, 257
What are the prime factors of 1909?
23, 83
What are the prime factors of 1025?
5, 41
What are the prime factors of 3489?
3, 1163
List the prime factors of 9429.
3, 7, 449
List the prime factors of 16464.
2, 3, 7
What are the prime factors of 7250?
2, 5, 29
What are the prime factors of 2467?
2467
List the prime factors of 3112.
2, 389
List the prime factors of 3194.
2, 1597
List the prime factors of 1915.
5, 383
What are the prime factors of 39085?
5, 7817
List the prime factors of 147657.
3, 83, 593
What are the prime factors of 2336?
2, 73
List the prime factors of 1197.
3, 7, 19
What are the prime factors of 5754?
2, 3, 7, 137
What are the prime factors of 1111?
11, 101
List the prime factors of 1388.
2, 347
List the prime factors of 75374.
2, 13, 223
List the prime factors of 4506.
2, 3, 751
What are the prime factors of 101561?
101561
What are the prime factors of 29899?
29, 1031
What are the prime factors of 3702?
2, 3, 617
What are the prime factors of 3639?
3, 1213
List the prime factors of 4.
2
What are the prime factors of 363?
3, 11
List the prime factors of 81130.
2, 5, 7, 19, 61
List the prime factors of 105576.
2, 3, 53, 83
What are the prime factors of 40025?
5, 1601
List the prime factors of 4307.
59, 73
List the prime factors of 689.
13, 53
List the prime factors of 5657.
5657
Wh